hen 18 is divided by (x - (-2 + 1))*2?
8
Suppose -10*r + 27 + 63 = 0. Calculate the remainder when 31 is divided by r.
4
Let b = -11 + 16. Suppose -70 = -b*q + 5. Let z(c) = -c**2 + 17*c - 16. What is the remainder when z(12) is divided by q?
14
Let c be (-4)/22 + 158/22. Suppose -10 = 4*x + 2. Let u = c + x. What is the remainder when u is divided by 3?
1
Let u(l) = 15*l**2 + 3*l + 1. Calculate the remainder when 51 is divided by u(-1).
12
Let h(x) = x**3 - 2*x**2 - 5*x - 3. Let k be h(4). Suppose -47 - k = -o. What is the remainder when o is divided by 2/(-6) + (-116)/(-6)?
18
Suppose 4*u + 132 = 7*u + 4*m, -189 = -4*u - m. What is the remainder when 136 is divided by u?
40
Let r(f) = f**2 + 7*f + 21. What is the remainder when 57 is divided by r(-7)?
15
Suppose 0 = 2*k - 5*k + 99. Let x(n) = -n**2 - n - 1. Let z(i) = -6*i**2 - 5*i. Let r(q) = 4*x(q) - z(q). What is the remainder when k is divided by r(3)?
16
Let f(q) = q**3 - q**2 + q + 16. Let l be f(0). Let u = l + -9. Calculate the remainder when u is divided by 5.
2
Let n be 33/3 - (-2 - 0). What is the remainder when 11 is divided by 2/n + (-76)/(-13)?
5
Let p = 50 + -46. Calculate the remainder when 5 - (1 + -2)*2 is divided by p.
3
Suppose 3*u - 17 = 2*u. What is the remainder when 65 is divided by u?
14
Let o = 9 + -2. Calculate the remainder when 55 is divided by o.
6
Let w(n) = 46*n**3 - n**2 + n - 1. Let i be w(1). Suppose -3*h + i = 2*h. What is the remainder when h is divided by 4?
1
Suppose -4*m = -2*q + 52, -2*m + 0*m = -4*q + 122. Let f = 69 - 52. What is the remainder when q is divided by f?
15
Let o(c) = c**2 - 3*c - 6. Let k be -1*(-4)/(4/(-5)). What is the remainder when o(k) is divided by 12?
10
Let g(o) = -25*o**3 - 2*o**2 + 1. Suppose 3*s = -29 - 28. Let d = s - -32. What is the remainder when g(-1) is divided by d?
11
Calculate the remainder when ((-180)/(-50))/(6/80) is divided by 14.
6
Let n = -41 - -70. What is the remainder when n is divided by 17?
12
Let v(a) = -3*a + 11. Let o be v(-6). Suppose 0*k = -k + 3*b + o, 83 = 3*k - 5*b. What is the remainder when k is divided by 9?
8
What is the remainder when -1*3 + 176/(4/1) is divided by 7?
6
Suppose -3*r + 368 = -0*u + 2*u, -3*u = 5*r - 614. Suppose 3*d = r + 77. Calculate the remainder when d is divided by 23.
21
Let m(w) be the third derivative of w**5/15 - w**4/24 + w**2. Let h be m(1). Suppose h*l - 15 = -0*l. Calculate the remainder when l is divided by 2.
1
Suppose -5*x - 1 = -6. Let m be 64/(-28) + 2/7. What is the remainder when (m + x)*23/(-1) is divided by 12?
11
Suppose 5*g - 4*d = d - 10, 0 = -3*d + 12. Suppose g*y = -3*s + 46, -s = -4*y - 0*s + 64. Calculate the remainder when y is divided by ((-36)/10)/(14/(-35)).
8
Let y be (-28)/7 - (0 + -3). Calculate the remainder when (135 + y)/2*1 is divided by 23.
21
Suppose -3*p - 6 = -0*p. Let b be p/(-7) + (-282)/(-42). Let q = b + 9. What is the remainder when 30 is divided by q?
14
Suppose -2*t = -4*p - 3*t + 120, -p = 5*t - 49. Calculate the remainder when p is divided by 3.
2
Suppose 42 = 4*p - 4*a - 30, 0 = p - 2*a - 13. What is the remainder when p is divided by (-1)/(-2) + 23/2?
11
Let g(z) = z**3 - 2*z**2 - 5*z + 2. Suppose 0 = -2*j - 3*j. Suppose j = d - 37 - 4. Calculate the remainder when d is divided by g(4).
13
Let p = 97 + -48. What is the remainder when p is divided by 10?
9
Suppose -2*u + 3 = r, 4*r - 5*u + 12 = -2. Let j be (-68)/(-10) + r/(-5). What is the remainder when 70 is divided by 171/j - (-9)/(-21)?
22
Suppose -10 - 20 = -5*h. Suppose -4*s - 8 = -h*s. Suppose 23 = -s*l + 99. Calculate the remainder when l is divided by 7.
5
Suppose 54 - 8 = 2*p. Let z = p + -11. Let q = z + -8. What is the remainder when q is divided by 2?
0
Suppose -3*c - c = -28. What is the remainder when 26 is divided by c?
5
Suppose -23 = 5*f - 123. Calculate the remainder when 38 is divided by f.
18
Suppose r - 5*f - 5 = -3*r, -16 = -5*r + 3*f. Suppose 30 = o + 5*w, -3*o - 4 - 6 = -r*w. What is the remainder when o is divided by (-28)/(-13) - 12/78?
1
Let b be 8/(-20) - -3 - 4/(-10). Let x(g) = -g + 3. Let h be x(4). Calculate the remainder when 1 - (h*25 - b) is divided by 8.
5
Calculate the remainder when 0 - (12/9)/((-2)/87) is divided by 9.
4
Let l = -10 - -3. Let y(i) = 5 + i + 0*i + 2 + 6. Calculate the remainder when y(l) is divided by 4.
2
Let f = 7 - -3. What is the remainder when f is divided by 6?
4
Suppose 4*q - 4 = 0, 0 = -0*m + 4*m - 4*q - 56. Calculate the remainder when 42 is divided by m.
12
Suppose 0*d = 5*d - 15. Suppose -g - d*g = -3*y + 7, 9 = 5*y - 4*g. What is the remainder when 3 is divided by y?
0
Let t(l) = l. Let w be t(3). Suppose 3*z - 122 = -y, -202 = -0*z - 5*z - w*y. What is the remainder when z is divided by (-6)/(-15) - 136/(-10)?
13
Let k(i) = i**2 - 6*i + 6. Let c be k(4). Let b be c/(-12) - (-166)/12. What is the remainder when 12 is divided by ((-4)/2)/((-4)/b)?
5
Let y(k) = 15*k - 70. Let v(t) = 3*t - 14. Let b(x) = 11*v(x) - 2*y(x). Calculate the remainder when b(10) is divided by 6.
4
Let m be (-45)/(-20) + (-2)/8. Suppose -m*j - 18 = x, 4*j - x + 9 = -15. Let f = 31 + j. What is the remainder when f is divided by 13?
11
Suppose -164 = -5*c + 3*q, -9 + 1 = -4*q. Suppose 0 + 6 = -2*a. Calculate the remainder when c is divided by (-8)/a*(-54)/(-8).
16
Suppose 3*u + 414 = -0*u. What is the remainder when (-1)/((3 - 0)/u) is divided by 16?
14
Let a = -64 - -112. What is the remainder when a is divided by 10?
8
Let f(j) = 6 + 0*j**2 + j**2 - 7*j - 3. Let p be f(7). Suppose 1 = -3*r - 2*b, p*b - 2 = -4*r - 4. Calculate the remainder when r is divided by 1.
0
Let s = 6 + 3. What is the remainder when 26 is divided by s?
8
Suppose 3*p = -2*y + 47, -2*y + 112 = 3*y + 2*p. Calculate the remainder when 108 is divided by y.
20
Suppose 2*n = 0, 10 = f + 5*n + 1. What is the remainder when 51 is divided by f?
6
Let j = 42 - -4. Calculate the remainder when j is divided by 12.
10
Suppose -4*y - 32 = -2*d, 75 + 33 = 5*d - 3*y. Let h be (-3)/4 + (-18)/8. What is the remainder when d is divided by ((-2)/h)/((-10)/(-195))?
11
Let k = 7 + -4. Suppose -3*z + h + 72 = 0, -3*h - 32 = -2*z + z. Calculate the remainder when z is divided by k*6*2/3.
11
Suppose 30*i = 29*i + 6. Calculate the remainder when 11 is divided by i.
5
Suppose -100 = -2*x - 3*x. Let d(a) = -4*a - 1. Suppose 3*k + 21 = 3*c, c + 1 - 5 = 0. What is the remainder when x is divided by d(k)?
9
Suppose -10 = -5*n + h + 26, 0 = -2*n - 5*h + 36. What is the remainder when 47 is divided by n?
7
Let x = 145 - 89. What is the remainder when x is divided by 15?
11
Let n = -26 - -47. Calculate the remainder when n is divided by 11.
10
What is the remainder when 39 is divided by ((-15)/2)/(9/(-12))?
9
Calculate the remainder when 148 is divided by (-25)/(-2)*18/15.
13
Let c = -58 + 71. Let i = -67 + 103. Calculate the remainder when i is divided by c.
10
Let i(c) = -c - 1. Let w be i(-7). Suppose 3*z - 2*u - 37 = 0, 4*z = w*u - 3*u + 51. What is the remainder when z is divided by 5?
4
Let h = 9 - 6. Suppose o + 3 = 0, 4*j + 8*o - 45 = h*o. What is the remainder when j is divided by 4?
3
Suppose 0 = -5*t - 5*q + 115, -4*t + 47 = -5*q - 18. What is the remainder when t is divided by 11?
9
Let s = 85 + -40. Calculate the remainder when s is divided by 17.
11
Let r(p) = 18*p**2. Let d be r(-1). Suppose -2*u + 0 = -d. Calculate the remainder when 26 is divided by u.
8
Suppose -3*n + 5 = 5*o, 2*n + 5*o = -0*o. Calculate the remainder when 26/2 - (-5 + 5) is divided by n.
3
Let h = 11 - 7. Suppose h*f + 16 = 72. What is the remainder when 27 is divided by f?
13
Suppose 0 = -y - 0*y. Let f be -3 + (-5)/5*-10. Suppose 0 = -5*z - f + 22, -2*r - 5*z + 61 = y. Calculate the remainder when 44 is divided by r.
21
Let k(r) = r**2 - 13*r - 33. Calculate the remainder when k(19) is divided by 21.
18
Let w = 203 + -125. What is the remainder when w is divided by 27?
24
Let h(u) = 12*u. Calculate the remainder when 107 is divided by h(3).
35
Suppose -3*l + 7*l = 108. What is the remainder when l is divided by 7?
6
Let q = 51 + -22. Suppose -73 = -5*p + 3*s, 5*s = -5*p + 25 + 40. What is the remainder when q is divided by (-4)/p - (-216)/21?
9
Suppose 0*m + 16 = -4*m + 2*y, 5*m + 4*y - 6 = 0. Let d 